. What is o(-5)?
9
Let r(n) = 55*n - 50. Give r(2).
60
Let q(t) = -5*t**2 + 3*t - 13. What is q(4)?
-81
Let p(r) = -17*r - 175. What is p(5)?
-260
Let a(t) = -t**3 + 3*t**2 - 16*t - 64. Calculate a(-5).
216
Let g(m) = -2*m**3 + 32*m**2 - 12*m + 47. Determine g(16).
-145
Let p(s) = 2*s**2 + 6*s - 474. Determine p(-16).
-58
Let n(q) = -q**2 + 9*q + 462. Calculate n(25).
62
Let p(w) = w**3 + 19*w**2 - 21*w - 1214. Determine p(-15).
1
Let t(j) = 2*j**3 - 4*j**2 - 9*j + 3. Give t(8).
699
Let b(h) = -44*h**2 + 24*h - 52. What is b(2)?
-180
Let w(p) = -p**3 + 11*p**2 - 131*p + 431. Calculate w(4).
19
Let y(r) = -3*r**2 - 49*r - 7. Determine y(-17).
-41
Let h(t) = -25*t + 194. Give h(11).
-81
Let x(u) = -98*u - 2945. Calculate x(-30).
-5
Let h(g) = -g**3 + 181*g**2 + 1120*g - 14. Determine h(-6).
-2
Let d(r) = 10*r**2 - 10*r - 56. Calculate d(-6).
364
Let a(g) = -g**2 + 8363*g - 41782. Determine a(5).
8
Let b(m) = -m**2 + 116*m - 1054. Give b(10).
6
Let l(t) = 75*t + 1426. Calculate l(-19).
1
Let f(x) = -26*x**2 + 3*x + 5. Determine f(-3).
-238
Let i(g) = 27*g - 79. Calculate i(3).
2
Let r(o) = 68*o + 409. Calculate r(-6).
1
Let f(s) = -s**3 + 21*s + 36. Give f(10).
-754
Let i(t) = -3*t**3 + 18*t**2 + 20*t - 140. What is i(6)?
-20
Let j(o) = 36*o + 1827. Give j(-51).
-9
Let b(p) = 4*p**2 + 119*p - 96. Give b(-31).
59
Let g(q) = 2*q**3 - 40*q**2 - 19*q - 42. Give g(21).
441
Let n(m) = 65*m - 517. Calculate n(8).
3
Let x(q) = q**3 - 34*q**2 - 7*q + 52. What is x(34)?
-186
Let w(u) = 213*u**2 - 7245*u + 96. What is w(34)?
-6
Let d(p) = -759*p + 738. Give d(1).
-21
Let b(v) = -135*v + 3613. Give b(28).
-167
Let c(q) = q**3 + 100*q**2 + 149*q + 4948. Calculate c(-99).
-2
Let g(k) = -2*k**3 - 18*k**2 + 3*k - 62. Give g(-8).
-214
Let j(l) = l**3 + 34*l**2 + 193*l + 16. What is j(-7)?
-12
Let p(w) = -w**3 - 68*w**2 + 526*w + 107. Calculate p(-75).
32
Let h(u) = -u**3 + 7*u**2 + 32*u - 235. Determine h(7).
-11
Let z(g) = -g**2 + 154*g - 755. Determine z(149).
-10
Let j(f) = -2*f**2 + 185*f - 910. Give j(5).
-35
Let c(p) = p**3 - 41*p**2 - 47*p + 227. Calculate c(42).
17
Let v(i) = -i**2 + 40. Give v(-15).
-185
Let b(a) = -a**2 - 19*a - 12. Calculate b(-10).
78
Let d(w) = -2*w**2 + 135*w + 10594. What is d(114)?
-8
Let w(j) = j**2 + 121*j - 1016. Calculate w(8).
16
Let t(y) = 6*y**2 + 42*y + 71. Calculate t(-4).
-1
Let z(s) = 664*s + 17935. What is z(-27)?
7
Let t(p) = -109*p + 3278. What is t(30)?
8
Let b(f) = -24*f + 770. Determine b(8).
578
Let y(v) = 8*v**2 + 38*v - 46. Determine y(10).
1134
Let f(q) = 675*q - 5411. Calculate f(8).
-11
Let d(s) = -2*s**3 + 21*s**2 + 106*s - 112. What is d(14)?
0
Let a(v) = -23*v - 77. Calculate a(-2).
-31
Let y(d) = -d**3 - 8*d**2 + 139*d - 17. Give y(9).
-143
Let k(n) = n**3 - 7*n**2 + 30*n - 86. Calculate k(7).
124
Let d(k) = -300*k + 56. Give d(-1).
356
Let z(w) = -9*w**2 - 94*w + 256. What is z(-13)?
-43
Let s(t) = -23*t - 83. Give s(-11).
170
Let m(c) = 5*c**2 - 27*c + 163. Give m(11).
471
Let w(m) = -15*m + 1027. Determine w(72).
-53
Let g(i) = -12*i - 188. What is g(-28)?
148
Let a(m) = 3*m**3 + 6*m**2 - 45*m + 9. Give a(4).
117
Let l(h) = 10*h**2 - 58*h + 26. Determine l(5).
-14
Let g(w) = -w**2 + 25*w + 967. What is g(-21)?
1
Let o(p) = -p**2 - 31*p + 95. Calculate o(0).
95
Let l(r) = -21*r**2 + 527*r - 39. Determine l(25).
11
Let j(l) = -7363*l + 58910. What is j(8)?
6
Let d(s) = s**3 + 41*s**2 - 6*s - 249. Determine d(-41).
-3
Let m(p) = 4*p**2 + 508*p + 7843. Calculate m(-18).
-5
Let l(b) = -63*b + 6229. Determine l(99).
-8
Let r(z) = -3*z**3 + 14*z**2 + 9*z - 67. Calculate r(6).
-157
Let t(j) = j**2 - 51*j + 184. Give t(34).
-394
Let h(o) = -9*o**3 - 98*o**2 + 9*o - 24. Determine h(-11).
-2
Let t(h) = -10*h**3 - 10*h**2 - 15*h. Calculate t(-2).
70
Let m(v) = 2*v**3 - 3*v + 6. What is m(7)?
671
Let o(k) = -172*k - 20. Calculate o(1).
-192
Let w(f) = 367*f - 6587. What is w(18)?
19
Let m(w) = -w + 55. Determine m(-42).
97
Let x(r) = -61*r + 1085. Determine x(22).
-257
Let c(d) = -4*d**2 - 21*d + 69. Calculate c(5).
-136
Let n(q) = -29*q + 487. Determine n(14).
81
Let d(m) = 6*m**3 - 12*m**2 - 23*m - 68. What is d(-4)?
-552
Let j(l) = 12*l - 5. What is j(-16)?
-197
Let t(n) = 53*n - 1674. Calculate t(23).
-455
Let a(y) = y**2 + 546*y + 26108. What is a(-53)?
-21
Let p(d) = -15*d**2 - 958*d - 10398. Calculate p(-50).
2
Let z(b) = b**2 - 85*b + 1953. Calculate z(36).
189
Let r(i) = -i**3 + 236*i**2 + 3227*i + 2491. What is r(249)?
1
Let t(b) = 3*b**2 - 201*b - 2015. What is t(-9)?
37
Let h(r) = 27*r + 938. Determine h(-42).
-196
Let l(d) = 189*d + 12858. What is l(-68)?
6
Let k(s) = -18*s - 143. Determine k(-9).
19
Let o(j) = 28*j + 288. Give o(-6).
120
Let m(j) = -j**2 - 300*j - 8819. Calculate m(-33).
-8
Let a(p) = -p**2 + 10*p + 180. What is a(-8)?
36
Let m(k) = k**3 - 94*k**2 + 2130*k - 105. What is m(56)?
7
Let v(t) = 35*t**2 - 388*t + 10. Determine v(11).
-23
Let y(n) = n**3 + 30*n**2 + 35*n - 42. Calculate y(-28).
546
Let k(m) = -50*m + 890. Determine k(18).
-10
Let q(g) = -19*g + 1092. What is q(55)?
47
Let v(g) = 3*g**2 - 38*g + 26. Determine v(17).
247
Let k(z) = -2*z**2 - 23*z - 26. Determine k(-4).
34
Let z(m) = -2*m**3 + 30*m**2 - 9*m - 33. Calculate z(15).
-168
Let r(o) = -o**3 - 23*o**2 + 69*o - 193. Calculate r(-26).
41
Let t(n) = -9*n**2 + 2*n - 23. Give t(6).
-335
Let n(t) = t**3 + 133*t**2 + 1213*t - 2087. Calculate n(-123).
4
Let v(j) = j**2 - 85*j - 268. What is v(88)?
-4
Let b(a) = -a**3 - 48*a**2 + 5*a + 237. Determine b(-48).
-3
Let m(h) = -8*h**3 - 25*h**2 + 114*h + 351. Calculate m(-3).
0
Let s(g) = -28*g**3 - 5*g**2 + g + 5. Give s(-2).
207
Let a(q) = -7*q**2 - 103*q - 3. What is a(-15)?
-33
Let z(b) = -4*b**3 + 11*b**2 - b + 3. Determine z(-5).
783
Let d(h) = h**3 - 31*h**2 + 65*h - 205. Give d(29).
-2
Let t(f) = 168*f + 1299. Give t(-8).
-45
Let s(t) = -t**2 + 74*t - 1222. Calculate s(49).
3
Let f(h) = h**3 + 7*h**2 + 6*h - 2. Calculate f(-8).
-114
Let v(y) = 5*y**2 - 8*y + 17. What is v(0)?
17
Let c(i) = -2*i**3 - 20*i**2 + 15*i + 44. What is c(-10)?
-106
Let q(y) = y**2 + 65*y + 763. Determine q(-59).
409
Let l(u) = u**2 - 59*u + 554. Determine l(46).
-44
Let r(q) = q**2 + 587*q + 58071. Calculate r(-126).
-15
Let h(u) = u**3 + 342*u**2 + 4607*u + 4926. Give h(-328).
6
Let t(o) = o**2 + 27*o - 385. Determine t(11).
33
Let x(t) = -10*t + 746. Give x(18).
566
Let z(r) = 106*r + 579. Determine z(-6).
-57
Let i(g) = 8*g**2 - 525*g + 319. Determine i(65).
-6
Let o(b) = -131*b + 527. Calculate o(4).
3
Let d(z) = -z**3 + 14*z**2 + 479*z - 6030. Determine d(12).
6
Let k(m) = 8*m - 200. What is k(15)?
-80
Let a(l) = l**2 - 31*l - 349. What is a(-9)?
11
Let w(u) = 2101*u - 4225. Determine w(2).
-23
Let r(x) = -12*x + 42. Give r(13).
-114
Let o(n) = 28*n + 100. Determine o(-3).
16
Let s(q) = -7*q**2 + 113*q - 108. Give s(15).
12
Let x(v) = -25*v + 59. What is x(10)?
-191
Let g(m) = -6*m**3 + 23*m**2 - 6*m + 40. What is g(4)?
0
Let g(f) = f**3 + 24*f**2 - 39*f - 379. Give g(-25).
-29
Let d(v) = -2531*v - 12661. Determine d(-5).
-6
Let c(m) = -m**3 + 13*m**2 - 44*m + 53. Determine c(5).
33
Let n(c) = c**3 + 12*c**2 - 117*c + 47. Give n(7).
159
Let p(u) = 4270*u - 8545. Calculate p(2).
-5
Let a(u) = u**3 + 22*u**2 - 25*u + 18. What is a(-23)?
64
Let g(t) = -47*t - 849. Give g(-19).
44
Let u(h) = h**3 + 15*h**2 - 80*h - 12. Determine u(-20).
-412
Let o(t) = -7*t**2 - 2*t - 36. Determine o(-4).
-140
Let a(t) = -24*t**2 - 1131*t + 1130. Determine a(1).
-25
Let f(c) = -c**3 - 30*c**2 + 515*c + 14435. What is f(-32)?
3
Let h(t) = -5*t - 60. What is h(-10)?
-10
Let f(x) = 10*x**2 - 192*x + 39. Calculate f(19).
1
Let n(o) = -46*o + 3184. What is n(74)?
-220
Let i(f) = -f**3 + 7*f**2 + 13*f - 50. Give i(6).
64
Let v(b) = -42*b - 1081. What is v(-26)?
11
Let q(g) = g**2 + 81*g + 1308. What is q(-15)?
318
Let h(j) = -14*j + 114. What is h(11)?
-40
Let q(r) = 2*r**2 - 86*r - 278. Give q(-3).
-2
Let a(s) = 4*s**3 - 19*s**2 + 6*s - 2. Give a(5).
53
Let v(g) = 2*g**2 - 22*g - 2. Give v(7).
-58
Let a(k) = 2*k**3 - 8*k**2 + 7*k - 1. Calculate a(3).
2
Let c(a) = -a**3 - a**2 + 778*a + 3788. Give c(-5).
-2
Let l(f) = -102*f + 15. Calculate l(1).
-87
Let o(b) = 30*b**2 + 93*b + 2. Give o(-5).
287
Let w(x) = 77*x 